alse
Is 750648920 a multiple of 20?
True
Is 459444635 a multiple of 85?
True
Is 970 a factor of 264724696?
False
Is 336 a factor of 24248975?
False
Is 114 a factor of 7505167?
False
Is 59602584 a multiple of 41?
False
Is 29 a factor of 20316356?
True
Does 17 divide 734986109?
True
Is 254 a factor of 253804166?
True
Does 534 divide 292957740?
True
Is 31160428 a multiple of 13?
True
Is 8 a factor of 182401045?
False
Is 195245079 a multiple of 13?
False
Is 1161 a factor of 345050361?
True
Does 8 divide 44310307?
False
Is 7 a factor of 27745014?
False
Does 24 divide 11056408?
False
Is 122424050 a multiple of 52?
False
Is 30814591 a multiple of 509?
False
Does 13 divide 62957479?
True
Is 2540 a factor of 32245686?
False
Is 16017427 a multiple of 21?
False
Does 7156 divide 157747804?
False
Does 204 divide 156678936?
True
Does 147 divide 413887614?
True
Is 771102250 a multiple of 799?
False
Is 74 a factor of 11405493?
False
Is 2371 a factor of 576283405?
True
Does 73 divide 17240118?
True
Is 9 a factor of 98939537?
False
Is 29444970 a multiple of 205?
True
Is 354993184 a multiple of 101?
True
Does 10 divide 14532253?
False
Is 745926593 a multiple of 3?
False
Is 2340 a factor of 89873576?
False
Is 128 a factor of 33405832?
False
Does 21 divide 35590149?
True
Is 167 a factor of 556536878?
False
Is 32547033 a multiple of 2043?
True
Is 16667579 a multiple of 1387?
True
Is 216851665 a multiple of 4?
False
Is 42 a factor of 10431456?
True
Does 373 divide 4387226?
True
Does 1708 divide 146413176?
True
Is 10 a factor of 533534261?
False
Is 460 a factor of 12312559?
False
Does 96 divide 53180064?
True
Is 32 a factor of 23877568?
True
Is 3224854992 a multiple of 2675?
False
Does 271 divide 108886740?
False
Is 2455 a factor of 46306210?
True
Does 126 divide 2234594753?
False
Is 9982 a factor of 423781227?
False
Is 252786685 a multiple of 52?
False
Is 11 a factor of 1860196051?
False
Does 214 divide 6248800?
True
Does 3 divide 27833643?
True
Does 82 divide 198221707?
False
Is 51999821 a multiple of 173?
True
Does 375 divide 499710750?
True
Does 21 divide 411762330?
True
Is 459403762 a multiple of 70?
False
Does 11 divide 81208113?
False
Is 244553975 a multiple of 10?
False
Does 20 divide 2505090760?
True
Is 52248386 a multiple of 5?
False
Is 823830 a multiple of 30?
True
Is 21 a factor of 59101182?
True
Is 458220186 a multiple of 27?
True
Is 167 a factor of 628837075?
False
Does 5 divide 55824975?
True
Is 2787 a factor of 23292509?
False
Is 29963 even?
False
Is 14 a factor of 206058370?
True
Is 727434544 a multiple of 1072?
True
Is 40 a factor of 16818372?
False
Does 21 divide 18533324?
False
Does 17 divide 2289668239?
True
Is 2879 a factor of 429595743?
True
Does 278 divide 394895244?
False
Is 48515167 a multiple of 10?
False
Is 248521512 a multiple of 6213?
False
Does 2084 divide 27925600?
True
Is 382 a factor of 133994816?
False
Does 16 divide 56782640?
True
Does 20 divide 83175880?
True
Does 89 divide 83649943?
True
Is 15055460 a multiple of 35?
True
Is 43 a factor of 23611218?
False
Is 109513080 a multiple of 465?
True
Is 39139803 a multiple of 1021?
False
Is 3698 a factor of 137101964?
False
Is 8 a factor of 74706119?
False
Is 54 a factor of 12061700?
False
Is 315030492 a multiple of 252?
True
Is 60851808 a multiple of 322?
False
Is 782 a factor of 24691310?
False
Does 2 divide 870209214?
True
Does 1352 divide 368711465?
False
Is 300488800 a multiple of 80?
True
Is 30192646 a multiple of 121?
True
Does 30 divide 576533934?
False
Does 20 divide 105615260?
True
Is 672568318 a multiple of 2157?
False
Is 336 a factor of 41153790?
False
Does 218 divide 662890?
False
Does 8 divide 7121152?
True
Does 561 divide 76647804?
False
Is 20338531 a multiple of 2147?
True
Is 1913 a factor of 111991355?
False
Is 93434411 a multiple of 140?
False
Does 8 divide 3286301074?
False
Does 4 divide 6110804?
True
Is 225481620 a multiple of 732?
True
Does 115 divide 286241047?
False
Does 216 divide 77756506?
False
Is 19268112 a multiple of 24?
True
Is 194 a factor of 33791890?
True
Is 184218050 a multiple of 50?
True
Is 142 a factor of 453663588?
True
Does 334 divide 1140134?
False
Is 413390384 a multiple of 88?
True
Is 7 a factor of 992376424?
False
Is 5343976 a multiple of 18?
False
Does 1142 divide 688576894?
True
Is 3 a factor of 18837877?
False
Is 12827544 a multiple of 708?
True
Is 345722887 a multiple of 11?
False
Does 527 divide 730306060?
True
Does 47 divide 60314586?
False
Does 248 divide 208723000?
True
Does 5542 divide 846247127?
False
Is 282 a factor of 66442584?
True
Is 1629 a factor of 1239898689?
True
Is 15394590 a multiple of 1206?
True
Is 94787710 a multiple of 185?
True
Is 9 a factor of 129439215?
True
Does 174 divide 70890998?
False
Does 15 divide 22635870?
True
Is 10 a factor of 45118499?
False
Does 6099 divide 5740593?
False
Is 72 a factor of 160090196?
False
Is 12520993 a multiple of 17?
True
Does 9 divide 214388?
False
Does 151 divide 3034949?
True
Is 10 a factor of 576859000?
True
Is 6049 a factor of 6370892292?
False
Does 47 divide 82196508?
False
Is 197 a factor of 159871151?
False
Is 3 a factor of 108120381?
True
Is 3572161954 a multiple of 15?
False
Is 14 a factor of 848700398?
True
Is 49343964 a multiple of 11?
False
Does 23 divide 38211893?
False
Does 41 divide 1874479?
True
Is 104 a factor of 18329064?
True
Is 7193935 a multiple of 49?
True
Is 96747055 a multiple of 23?
False
Does 117 divide 6266721?
False
Is 665 a factor of 132685653?
False
Does 42 divide 32461987?
False
Is 81802349 a multiple of 20?
False
Is 85019004 a multiple of 12?
True
Is 125 a factor of 2597827125?
True
Is 209602425 a multiple of 515?
True
Does 47 divide 33820969?
False
Is 299097622 a multiple of 934?
True
Is 36181984 a multiple of 492?
False
Is 46124245 a multiple of 1929?
False
Is 82451422 a multiple of 13?
False
Does 232 divide 9446344?
True
Does 15 divide 82200590?
False
Does 1071 divide 1737443163?
False
Is 946199582 a multiple of 1181?
False
Is 3673451 a multiple of 231?
False
Is 162759005 a multiple of 12?
False
Is 12431404 a multiple of 515?
False
Is 7 a factor of 84342069?
True
Is 3 a factor of 114828909?
True
Is 482385753 a multiple of 27?
True
Is 57439839 a multiple of 269?
True
Does 21 divide 79225524?
True
Does 1069 divide 180005131?
False
Is 101331047 a multiple of 211?
False
Is 2060340335 a multiple of 25?
False
Is 3042 a factor of 9462017?
False
Is 60110040 a multiple of 2760?
True
Does 19 divide 52526222?
True
Is 186716061 a multiple of 47?
False
Does 7 divide 63253915?
False
Is 727310155 a multiple of 5293?
False
Is 404 a factor of 46263707?
False
Does 157 divide 51473539?
False
Is 46 a factor of 91178666?
False
Does 15 divide 735809145?
True
Is 152 a factor of 2087188760?
True
Is 111802198 a multiple of 260?
False
Is 120186045 a multiple of 3115?
True
Is 10 a factor of 7226428?
False
Does 34 divide 22849176?
False
Is 487 a factor of 31218872?
False
Is 1959828167 a multiple of 5877?
False
Is 133891556 a multiple of 66?
False
Is 133 a factor of 1815047?
False
Is 201590189 a multiple of 452?
False
Is 97819806 a multiple of 1919?
False
Is 6620538 a multiple of 402?
True
Is 340 a factor of 80342330?
False
Does 1646 divide 23192481?
False
Is 126193456 a multiple of 46?
True
Does 6812 divide 1087035197?
False
Does 43 divide 2110512565?
False
Is 101887260 a multiple of 20?
True
Is 209832399 a multiple of 4507?
True
Is 57877799 a multiple of 215?
False
Does 40 divide 6359764?
False
Is 4379508 a multiple of 126?
True
Is 50 a factor of 1344953900?
True
Does 945 divide 43177678?
False
Does 294 divide 63307255?
False
Is 200550 a multiple of 525?
True
Is 24552308 a multiple of 22?
True
Does 97 divide 855041323?
True
Is 87 a factor of 1844893899?
True
Is 1265349224 a multiple of 33?
False
Does 181 divide 170136742?
True
Is 95927225 a multiple of 14?
False
Is 5823800 a multiple of 148?
True
Does 2303 divide 3885633115?
True
Is 12027425 a multiple of 365?
False
Is 11914583 a multiple of 684?
False
Is 271275480 a multiple of 21?
True
Is 169 a factor of 306147725?
True
Is 610740442 a multiple of 83?
False
Does 966 divide 12926955?
False
Is 574806291 a multiple of 83?
True
Is 12 a factor of 110702940?
True
Is 15235220 a multiple of 110?
True
Is 7760 a factor of 356641840?
T